aluate (-12 - -7 - (6 - -11 - 107)) + (3 - 1).
87
What is the value of -33 - -2 - (2 - 100 - -104)?
-37
What is the value of (5 - (16 - 10)) + (40 - 9) + -3?
27
Calculate (-13 - -15) + 34 + -27 + (1 - (-2 + -3)).
15
-10 - (66 + -12) - ((9 - -4) + -3 - 7)
-67
What is the value of 6 + (-11 - (-11 + 6)) + -2 + (-9 - -4)?
-7
What is 138 - 84 - 56 - (-1 - -1)?
-2
Calculate -20 - (10 - 22) - (8 + -3 + -5).
-8
Evaluate 163 + -450 + 56 + 144.
-87
Evaluate (2 - -25) + 154 + -141.
40
Evaluate -44 - (48 + -77) - (-1 + -79).
65
What is (-4 - 2) + 82 - (104 - 79)?
51
Calculate (9 - 15) + 12 - (17 - 24 - (69 + -1)).
81
-136 + 112 + (-2 - (9 - -2))
-37
-1 + 1 + 23 + 1 - (722 + -717)
19
-18 + 7 - (38 + 0 - (-195 + 214))
-30
What is the value of (-2 - -1 - (6 + 19)) + (24 + -69 - -37)?
-34
Evaluate (189 - (67 - -131)) + 1 + 62.
54
Evaluate 21 - 0 - (-2596 + 2558).
59
What is 0 + 22 - ((-3 - (-12 - 30)) + -104)?
87
What is the value of -26 + 0 + 246 + -200 - (-2 - -9)?
13
-39 + 70 - (-1 + 93 - 4)
-57
What is -6 + (54 - (33 - -70))?
-55
Evaluate (-53 + 2 - -1) + (32 - 53) + (22 - 12).
-61
Calculate -8 + 24 - (-17 - -25 - -13).
-5
-4 + 3 + (-5 - -3) + 63 + 1165 + -1152
73
What is the value of (-117 - -120) + -12 - (-53 + 1)?
43
Evaluate -12 - (-9 + 1) - (-40 + 0 + (0 - -9)).
27
What is 18 + (7 - 36 - 11)?
-22
Evaluate 0 + 6 + 2 - (132 + -165 + 30 + -2).
13
Calculate 70 + 1 - (3 - -7 - (4 - (-6 - -5))).
66
What is (88 - (111 + -25)) + -82 + 4 + -8?
-84
-5 - (-2 + -102 + (-78 - (82 + -156)))
103
What is 132 + (193 - 134 - 76)?
115
What is 8 + -12 + (-37 - -58)?
17
Evaluate (0 + 21 - (431 + -393)) + -9.
-26
What is the value of -73 - (68 + 22) - -75?
-88
Evaluate 27 - (-2 - -12 - (17 + -14 + 18 + -11)).
27
(-10 - -6 - (11 - 10 - 15)) + -2
8
(91 - 1) + 5149 + -5323
-84
Evaluate -27 - (-27 - (-64 - -36)).
-28
What is the value of (-31 - -12) + 18 - 26 - 26?
-53
What is the value of (1 - -38) + -6 + -2 + 2 + -69 + 65?
29
What is 351 + (239 - 621) + -47 + 1?
-77
-19 + -8 + -43 + 27
-43
-3 + 71 + (461 - 499)
30
What is the value of -118 - (40 + -74 - 95)?
11
What is the value of 67 + (-185 - -218 - (34 - 5))?
71
What is (150 - 260) + (2 - (-1 + -21)) + -19?
-105
Calculate 0 + 7 - (33 + -15 + 3).
-14
52 - (-10 + 10 - 7 - -10 - 5)
54
What is -3 + 2 + -1 - (50 - (9 + (64 - 44)))?
-23
What is 0 - 5 - (-36 + 17 + -11 + -9)?
34
9 + (-74 - -70 - (2 + 42))
-39
What is 42 - (18 + 0 + (-544 - -548))?
20
Calculate (-29 - 25) + 14 + 41.
1
16 - 46 - ((113 + -122 - (-1 + 0)) + -3)
-19
What is the value of 55 + -1 + (21 - (5 - (-27 + 14)))?
57
Calculate 5 + (-88 - (-108 - 0)).
25
(3 - (7 + -13)) + -20
-11
(2 - (-35 - ((-7 - 10) + -13))) + (1 - -12)
20
Evaluate (-1 - (2 + 2)) + (229 - 200).
24
(-47 - 1) + (-1 - -45 - (-33 - -64))
-35
What is the value of (-32 - (17 - (53 - 6))) + (1 - -32)?
31
Evaluate (23 - 6) + -26 + 74 + -42.
23
(85 - ((-31 - 7) + 43)) + 30
110
Calculate -3 + 14 + -7 + 13.
17
4 - -12 - (372 - 315)
-41
3 - -24 - (4 - -5) - (-245 - -159)
104
(-2 - -2) + 0 - -16 - (21092 - 21192)
116
Evaluate (17 - 8 - 3) + 50 - 15.
41
Evaluate (-1 - 12) + (-56 - (-1 + -31)) + 18.
-19
-20 + (-19 - 2) + -1 + 20
-22
-31 + 168 + -66 + -14
57
Evaluate 9 - -48 - (-438 + 582).
-87
What is the value of (-2 - -34) + (0 - -16) + 13 + (-33 - -12)?
40
(0 + -14 - (-34 + -16)) + (3 - (-1 + 1))
39
What is the value of (3 - (16 - (13 - 11))) + 10 - -56?
55
What is (0 - (-5 + 7)) + (1 - -45) - (-193 - -196)?
41
What is 15 - 83 - (-227 + 112)?
47
What is -176 - (-26 + 47 + -88)?
-109
What is the value of 4 - (0 - (7 - 33))?
-22
Calculate -301 + 310 - (4 + -1 + (0 - 3) + -4).
13
Calculate (-18 - -2) + -17 + (-8 - -34) + -2.
-9
Evaluate -23 + (23 - 14) + 8 + (8 - -18).
20
What is 42 - ((35 - -3) + 25)?
-21
Evaluate -8 + (9 - (-15 + 7 + 3 + -3 + 1)).
8
Evaluate (105 - 3) + -38 + 30 + -19.
75
81 - (10 - (-79 - -109))
101
What is (19 - -3) + -13 + 11?
20
-7 + 3 - (-13 + -1 - (208 - 226))
-8
Calculate (27 + (0 - -6) - -3) + -69 + 70.
37
Calculate (-49 - 20) + -39 + 67.
-41
(1 - (2 + -2)) + (127 - (33 + 123))
-28
(29 - 42) + 36 - -2 - 110
-85
What is the value of (-23 - (-33 - -41) - -36) + (-81 - -2)?
-74
What is -6 + 6 + (8 - 19) - (-7 - 0)?
-4
What is the value of 109 - (-51 + -27 - -141)?
46
Evaluate -27 + 9 + 101 + -87.
-4
Evaluate (-1 + (-1 - -21) + (154 - 164) - 2) + 9.
16
What is the value of -44 - (50 + (33 - 98))?
-29
Evaluate (12 - -18) + 1 - 122.
-91
((4 - (24 - 19)) + -7 - 2) + (1 - 42)
-51
-54 + -24 + 68 + -33
-43
What is the value of -130 - ((-20 - (-3 + -6)) + (-1 - -1 - -9))?
-128
What is the value of (-1 - 26 - -77) + -9 - -14?
55
Calculate 9 - ((0 - (-20 - -8 - (-1 + 1))) + -54).
51
13 - 24 - (13 + -24 + -12) - 4
8
Evaluate (32 + (-28 - -15) - 26) + 33.
26
77 - (5 + 1 + (198 - 188) + -30 + -1)
92
What is -8 - 3 - (70 + -14 + -29)?
-38
Evaluate -6 - ((-73 - 15 - -27) + 16).
39
(-2 - 88) + (3927 - 3775)
62
Evaluate 45 - ((58 - -38) + -116 + 2 + 41).
22
Calculate (-17 - 29) + 400 + -329.
25
32 - (4 + (17 - 30 - -12))
29
What is 74 - (-3 + (-32 - -22 - -11))?
76
Evaluate (-20 - (-22 - (28 - 52))) + -6.
-28
What is the value of -44 + -2 + 21 + -6 - (-3 + -3)?
-25
-87 - (-2 - 39 - 67)
21
Evaluate (0 - 17) + -357 + 355 + (-1 - 6).
-26
Evaluate -3 + 12 + -9 + -83 - ((12 - 2) + -17).
-76
-2 - ((19 - (28 - 0)) + 31 + 16)
-40
What is 0 - (-15 + (33 - -24))?
-42
What is the value of 182 + -207 + 126 - 195?
-94
Calculate -4 + 7 - (27 + 1 + -15 - 23) - -30.
43
What is 23 + (25 - 54) + -107 + -15 + -5 + 11?
-122
(43 - (18 + 13)) + (-3 + -124 - 10)
-125
-58 + -47 + (-8 + (12 - 7 - 0) - -9)
-99
Calculate 51 - ((5 - (4 - 13)) + (48 - 69)).
58
What is 5 + (-9 + -19 + 10 - -21)?
8
What is 8886 + -8833 - (-3 - (1 + 1 + (2 - 2)))?
58
Calculate 1771 - 1810 - (0 - 24).
-15
What is (120 - 89) + 8 - 149 - (-16 - 1)?
-93
11 - (-14 + (13 + -12 - 16))
40
Calculate 27 - -9 - (3 + 24) - 134.
-125
Calculate (1 + 31 - 41) + (2 - (4 - -3)) + 2.
-12
Calculate 8 + -4 + 19 - -22 - -17.
62
Evaluate 97 - 44 - 32 - (-20 - -1).
40
What is 61 - (31 - (36 + -51))?
15
Calculate 11 + (-12 - -38) + (3 - ((-3 - -1) + -1)).
43
Calculate -3 - 10 - (2 - ((9 - -8) + 30)).
32
(-9 - (-18 - (-7 - (39 - 27)))) + 0 + 105
95
-63 - (-111 - -77) - (37 + -1)
-65
Calculate 18 + 0 - (8 - (-2 - 1)) - (-1 + 84).
-76
Calculate -41 + -13 + 28 - (66 - 3).
-89
-32 + (55 - (-31 - -38))
16
What is the value of -197 + 218 + (-42 - 0) + -5?
-26
56 + (-15 - (40 - 26)) + 38
65
(-1 + -35 - (-24 + -65)) + (5 - (0 - 3))
61
What is the value of (-47 - -21) + 76 + -118?
-68
(-4729 - -4636) + (16 - (-5 - -3))
-75
Evaluate 85 - (96 + 3 - -8).
-22
What is 85 + 15 + (26 - 25) + -6 + 0 + -7?
88
Calculate (-105 - -20) + -82 + 117.
-50
0 - 0 - 0 - 10 - ((56 - -69) + -95)
-40
What is -174 - (-27 + -78) - (-21 - -1)?
-49
What is 19 + (-9 - 28) + -5 - -38?
15
(43 + -124 - -101) + (1 - 64) + (7 - -2)
-34
(2 + 71 + -20 - -4) + 2 + -7
52
(-2 + -5 - (-33 - (-23 + -9))) + 1 + -48
-53
Evaluate -33 - (26 + -52 + 19).
-26
-63 + -1 - -36 - 87
-115
Calculate -18 + (-38 - -80 - -90).
114
Evaluate -15 + (-12 - -12) + 39 + (-10 + 14 - 12).
16
Calculate 58 + -51 + -52 + 85.
40
Calculate -31 + 22 + 39 + -17.
13
Evaluate (14 - ((-5 - -15) + -68)) + -9.
63
Calculate -80 - (2 - -43 - (-67 - -118)).
-74
Calculate (20 - -2) + (-22 - (19 - 35)).
16
What is ((0 - -11) + -24 + -1 + 17 - 66) + -3?
-66
Calculate 14 + -98 + 5 + 0 + 13 + 11.
-55
What is -1 - 4 - (7614 - 7610) - ((-1 - -1) + 10)?
-19
What is 5 + -7 + (-15 - -13) + 55 + 6 + 2?
59
What is -144 - -18 - (-501 + 464)?
-89
Calculate (-105 - -6) + (-67 - -75) + (25 - 9).
-75
Calculate 19 - (94 - 31) - (-23 + -1).
-20
What is the value of (25 - (33 - 7)) + -3?
-4
What is 143 + 6 + (-1632 - -1448)?
-35
What is (-6 + 2 + 2 - 3) + 141 + -164?
-28
-172 + 0 + -4270 + 4384
-58
What is -27162 - -27182 - (49 - (1 + -1))?
-29
Calculate (-107 - -35) + 128 + -30.
26
(1 - 10) + 6 + 23 + (4 - 2)
22
Evaluate -8 - 3 - (14 - 75 - -59).
-9
Evaluate -11 - (-51 - ((-6 - (13 + -5)) + 13)).
39
Evaluate (5 - (6 + -4 + 5)) + (-361 - -404).
41
106 + -2 + 2 + 7 + (-21 - (9 + -34))
117
What is the value of (37 - (-38 - -63)) + (1 - 22) + 2 + 87?
80
Evaluate (-2 - -257) + 2053 + -2166.
142
Calculate 46 + -74 + 62 + 70.
104
Calculate 159 + -222 + (20 + 21 - 21).
-43
Cal